9510.
5
What is the highest common factor of 8576 and 32?
32
Calculate the greatest common factor of 20 and 1620.
20
Calculate the greatest common factor of 104 and 2236.
52
Calculate the highest common factor of 315 and 70.
35
Calculate the highest common factor of 3725 and 75.
25
Calculate the greatest common factor of 80 and 780.
20
Calculate the highest common divisor of 189 and 81.
27
Calculate the highest common divisor of 176 and 22.
22
What is the highest common factor of 1184 and 272?
16
What is the greatest common divisor of 23 and 115?
23
What is the highest common divisor of 96 and 1296?
48
What is the greatest common factor of 96 and 120?
24
What is the highest common divisor of 24 and 376?
8
Calculate the greatest common factor of 81 and 351.
27
Calculate the highest common divisor of 9296 and 98.
14
Calculate the greatest common divisor of 2584 and 340.
68
What is the greatest common factor of 330 and 198?
66
Calculate the highest common divisor of 33 and 726.
33
Calculate the greatest common factor of 50 and 64.
2
What is the greatest common factor of 376 and 47?
47
Calculate the highest common divisor of 1998 and 74.
74
What is the greatest common factor of 154 and 176?
22
Calculate the greatest common factor of 368 and 144.
16
Calculate the greatest common factor of 13018 and 46.
46
Calculate the highest common divisor of 288 and 648.
72
What is the greatest common factor of 1792 and 14?
14
What is the highest common factor of 4 and 7822?
2
What is the highest common divisor of 70 and 98?
14
What is the highest common factor of 2240 and 210?
70
What is the highest common factor of 14261 and 39?
13
What is the highest common factor of 1 and 31?
1
Calculate the greatest common divisor of 39 and 1677.
39
Calculate the greatest common factor of 1842 and 12.
6
What is the greatest common factor of 459 and 34?
17
Calculate the highest common divisor of 1470 and 315.
105
What is the highest common factor of 4823 and 91?
91
Calculate the greatest common factor of 1560 and 3360.
120
What is the greatest common factor of 53 and 53?
53
Calculate the highest common factor of 21 and 2905.
7
What is the highest common factor of 3765 and 15?
15
What is the greatest common divisor of 243 and 297?
27
Calculate the highest common factor of 504 and 1104.
24
Calculate the highest common divisor of 1445 and 612.
17
Calculate the highest common factor of 4825 and 579.
193
Calculate the greatest common divisor of 1014 and 156.
78
What is the highest common divisor of 1400 and 30?
10
What is the highest common divisor of 176 and 11?
11
Calculate the greatest common divisor of 6 and 402.
6
Calculate the highest common divisor of 29 and 2.
1
Calculate the greatest common divisor of 7840 and 196.
196
What is the highest common divisor of 268 and 8?
4
Calculate the highest common divisor of 1310 and 20.
10
Calculate the highest common divisor of 6728 and 8.
8
Calculate the highest common factor of 4218 and 798.
114
What is the greatest common divisor of 392 and 10136?
56
What is the highest common divisor of 24 and 600?
24
Calculate the greatest common divisor of 5120 and 160.
160
What is the greatest common divisor of 3542 and 154?
154
Calculate the greatest common factor of 309 and 4841.
103
What is the greatest common divisor of 61 and 2867?
61
What is the greatest common factor of 1764 and 4263?
147
What is the greatest common divisor of 51 and 17?
17
What is the greatest common factor of 60 and 15?
15
Calculate the greatest common divisor of 522 and 18.
18
What is the highest common divisor of 2 and 171?
1
Calculate the highest common factor of 468 and 104.
52
Calculate the greatest common divisor of 7375 and 59.
59
Calculate the highest common factor of 19517 and 58.
29
What is the highest common factor of 63 and 36?
9
What is the highest common divisor of 96 and 1200?
48
Calculate the greatest common factor of 176 and 18.
2
What is the highest common factor of 496 and 31?
31
Calculate the greatest common factor of 1017 and 27.
9
What is the highest common divisor of 6 and 66?
6
What is the highest common factor of 4 and 5?
1
Calculate the greatest common divisor of 44 and 33.
11
What is the greatest common divisor of 1092 and 572?
52
Calculate the greatest common divisor of 66 and 48.
6
What is the greatest common divisor of 106 and 159?
53
What is the greatest common divisor of 21 and 161?
7
Calculate the highest common factor of 10175 and 22.
11
Calculate the greatest common divisor of 686 and 147.
49
What is the highest common divisor of 6 and 14142?
6
Calculate the highest common factor of 125 and 5.
5
Calculate the highest common factor of 2020 and 30.
10
What is the highest common factor of 3380 and 20?
20
Calculate the greatest common divisor of 780 and 20.
20
What is the greatest common factor of 365 and 657?
73
Calculate the highest common divisor of 100 and 225.
25
Calculate the greatest common factor of 1 and 1.
1
What is the highest common divisor of 2886 and 858?
78
Calculate the greatest common divisor of 962 and 2368.
74
What is the highest common divisor of 741 and 57?
57
What is the highest common divisor of 1585 and 160?
5
What is the greatest common factor of 8776 and 56?
8
Calculate the highest common factor of 12 and 1356.
12
Calculate the greatest common divisor of 196 and 4.
4
Calculate the greatest common factor of 4400 and 330.
110
What is the greatest common divisor of 294 and 48?
6
What is the highest common factor of 12 and 4060?
4
Calculate the greatest common divisor of 4732 and 28.
28
Calculate the greatest common divisor of 207 and 552.
69
What is the highest common factor of 246 and 90?
6
What is the greatest common factor of 1649 and 136?
17
What is the greatest common factor of 335 and 2747?
67
Calculate the greatest common factor of 22 and 418.
22
Calculate the highest common divisor of 112 and 656.
16
What is the highest common divisor of 205 and 1271?
41
Calculate the highest common factor of 1668 and 4726.
278
Calculate the greatest common factor of 650 and 100.
50
What is the highest common factor of 12 and 1500?
12
What is the greatest common divisor of 6 and 45?
3
What is the highest common factor of 12 and 17412?
12
Calculate the highest common factor of 49945 and 35.
35
What is the greatest common divisor of 132 and 1672?
44
What is the greatest common factor of 21 and 336?
21
What is the greatest common factor of 6 and 39?
3
What is the highest common factor of 960 and 6?
6
Calculate the greatest common factor of 212 and 6042.
106
What is the greatest common factor of 132 and 9?
3
Calculate the greatest common divisor of 97 and 873.
97
What is the highest common divisor of 88 and 184?
8
Calculate the greatest common divisor of 13 and 4303.
13
What is the highest common factor of 365 and 5?
5
Calculate the highest common divisor of 64 and 432.
16
What is the greatest common divisor of 780 and 45?
15
Calculate the greatest common factor of 1005 and 15.
15
What is the highest common factor of 102 and 374?
34
What is the greatest common factor of 10921 and 489?
163
Calculate the greatest common factor of 2827 and 22.
11
Calculate the highest common divisor of 51372 and 36.
36
What is the highest common factor of 100 and 5260?
20
What is the highest common divisor of 8668 and 44?
44
What is the greatest common divisor of 28 and 91?
7
What is the highest common divisor of 2393 and 1?
1
Calculate the highest common divisor of 8981 and 21.
7
What is the highest common factor of 4017 and 78?
39
Calculate the highest common divisor of 255 and 1700.
85
What is the greatest common factor of 1265 and 220?
55
What is the greatest common factor of 68 and 34?
34
Calculate the highest common divisor of 1152 and 2352.
48
What is the greatest common divisor of 822 and 45484?
274
Calculate the highest common factor of 56 and 3668.
28
Calculate the greatest common divisor of 301 and 434.
7
What is the highest common factor of 94 and 7520?
94
Calculate the greatest common factor of 2 and 63.
1
Calculate the greatest common factor of 343 and 147.
49
What is the greatest common divisor of 86 and 334?
2
What is the greatest common factor of 22 and 55?
11
Calculate the highest common factor of 504 and 63.
63
What is the gr